ppose 2*c + 44 = 6*c. Calculate the greatest common divisor of 22 and c.
11
Let v = -19 + 25. Calculate the greatest common factor of 6 and v.
6
Let s(u) = u + 2. Let q be s(-7). Let a = 115 - q. Let d = a + -60. Calculate the greatest common divisor of d and 12.
12
Let i(o) = -12*o**2 + o + 2. Let s be i(-3). Let q = s - 72. Let n be q/(-4) + 2/(-8). What is the highest common factor of n and 30?
15
Let u(k) = -k**2 - 4*k + 7. Let l be u(-3). Calculate the highest common factor of l and 30.
10
Let h(n) = -n + 42. Let p be h(15). Calculate the highest common divisor of p and 270.
27
Let b = 48 + -41. What is the greatest common divisor of 21 and b?
7
Let v(w) = -w**3 + 12*w**2 - 9*w - 19. Let k be v(11). Let p be 35*-1*-6*1. Suppose p = -0*l + k*l. Calculate the greatest common divisor of 10 and l.
10
Suppose 0 = g + 2*w + 24, -g + 6*g - 5*w + 45 = 0. Let a = g + 62. What is the highest common divisor of a and 32?
16
Suppose 11 = 4*i - 5*b, 2*b + 0*b + 4 = 2*i. Let t = i - 1. Let m be -1 - (t - 1)*3. What is the greatest common factor of 2 and m?
2
Suppose -4*y + 210 = -2*x, -2*y - 39 = 5*x - 174. Calculate the greatest common divisor of 5 and y.
5
Let x(k) = 13*k**3 + 1. Let d be x(1). Suppose -5*a = -y - 6, 5*a + 45 + 5 = 5*y. What is the highest common divisor of d and y?
14
Suppose 11*h - 787 + 160 = 0. Suppose 0 = 3*a - 8*a + 95. Calculate the greatest common factor of a and h.
19
Suppose -l - d = -87, -2*l + 2*d = -3*l + 84. What is the highest common factor of 60 and l?
30
Let v(q) = -q**3 + 4*q**2 + 3*q - 4. Let z be v(4). Let t(s) = -s**2 + 5*s. Let u be t(4). What is the greatest common divisor of u and z?
4
Suppose 3*v = -2*a + 417 + 478, -4*v = 2*a - 1192. Calculate the highest common divisor of v and 33.
33
Let t be (0 + 2)*(12 - 10). What is the greatest common divisor of 32 and t?
4
Let q be (-2 - -6)/(3/3). Suppose -q*n + 31 = -89. Calculate the greatest common factor of 240 and n.
30
Suppose 2*j - 3*j = -3. Suppose -j*g = -0*g - 108. Let v be (-74)/(-8) + (-3)/12. What is the highest common divisor of g and v?
9
Suppose 5*j + 178 = 4*n, -3*j - 6 = -0. Let d = 603 + -582. What is the highest common divisor of n and d?
21
Let x be ((-429)/(-3))/(-5 - (-11 + 5)). Calculate the greatest common factor of 13 and x.
13
Suppose -118 = -5*y - 38. Calculate the greatest common divisor of y and 16.
16
Let g be 23 + ((-30)/(-50) - 2/(-5)). Calculate the greatest common factor of 18 and g.
6
Suppose n - a - 21 = 0, -n = -2*n + 5*a + 25. Calculate the greatest common factor of 10 and n.
10
Let z(p) = 90*p**2 + p + 1. Let o be z(-1). Calculate the greatest common factor of o and 10.
10
Let f be -3*(2 - (2 - 1)). Let v(s) = s + 1. Let n be v(f). Let j = n - -4. Calculate the highest common divisor of 10 and j.
2
Let u(m) = -33*m + 18. Let w be u(-6). What is the greatest common divisor of w and 27?
27
Suppose -x + 70 = -16. Let w be 6/2 + -1 + x. Suppose 2*v - 1 - 16 = -5*q, 14 = v - 3*q. Calculate the highest common factor of v and w.
11
Let h(z) = z**2 + 4*z + 4. Let n be h(-4). Calculate the greatest common factor of 10 and n.
2
Let b(x) = -7*x - 9. Let c be b(-6). Suppose -2*m + 2*y = -4*m + 34, m + 4*y - 29 = 0. Let v = m - 2. Calculate the highest common factor of c and v.
11
Let m = 42 + -14. Let t be -2*m*3/(-4). Let q = 102 - t. What is the highest common factor of q and 24?
12
Let w = 5 + 19. Calculate the highest common divisor of 16 and w.
8
Suppose 0 = -5*j + 10, -156 = -3*z + j + 2*j. Calculate the greatest common divisor of 6 and z.
6
Let i = -3 - -6. Suppose -i*g + 106 + 62 = 0. Suppose 4*p + 0*p = g. What is the greatest common factor of p and 126?
14
Let f = -38 - -143. What is the greatest common factor of 21 and f?
21
Let q(f) be the third derivative of -17*f**4/24 + 2*f**3/3 - 2*f**2. Let n be q(-3). Calculate the highest common divisor of n and 22.
11
Let k be 15/10 + (0 - 69/(-2)). Calculate the highest common divisor of k and 54.
18
Let w = 4 - 4. Let u be (164 - 2) + 3 + w. What is the highest common divisor of 15 and u?
15
Suppose 2*h - 6*h + 2*w = 10, -3*h - 4*w + 9 = 0. Let l be (-3)/(h*3) - -15. Let s = l - 10. Calculate the greatest common divisor of s and 6.
6
Let s(a) = a**2 + a. Let v be s(0). Suppose 3*r + 2*t - 64 = -v*t, -r + 18 = 4*t. What is the greatest common divisor of 44 and r?
22
Let q be 21/4 + 1/(-4). Suppose 5*m + 1188 = -4*i, m + 366 - 141 = -q*i. Let g be 1/(3 + m/81). Calculate the highest common factor of g and 18.
9
Let u = -16 - -64. Suppose 0 = 2*x - 5*x + 12. Suppose 0 = -2*c - 4*h, x*c - 20 = -0*c - 3*h. What is the highest common divisor of c and u?
8
Suppose 2*l = 4*d + 2, 4*d - 2*d - 32 = -2*l. Calculate the greatest common divisor of 22 and l.
11
Let z = 28 + -23. Suppose 0 = 4*u + h - 7, -2 = -u - h - 1. Suppose -4*g = -u*a + 24, -z*a = -a + 4*g. Calculate the greatest common factor of 6 and a.
2
Suppose 5*f - 300 = -2*c, -5*c = 8*f - 5*f - 180. What is the greatest common divisor of f and 72?
12
Let w = 4 + 9. What is the greatest common factor of w and 117?
13
Let w be 28/(-21) - 20/(-6). Suppose -4*y + 30 = b, -3*b - w*y - 2 = -92. Calculate the greatest common factor of b and 60.
30
Let a(t) = -2*t**3 + t**2 + 1. Let k be a(-2). Let h = k - 31. Let x be ((-16)/(-5))/(h/(-25)). Calculate the highest common factor of x and 16.
8
Let n(s) = 0*s - s - 8 + 0*s. Let o be n(-7). Let k be 0/o + 28/2. What is the greatest common divisor of 35 and k?
7
Suppose 6*d - 2*d = 360. Calculate the greatest common divisor of 135 and d.
45
Let c be (-56)/(-3) - (-2)/(-3). Suppose -2*a - c = -5*a. Let z = 88 + -22. Calculate the highest common divisor of a and z.
6
Let d be 2*(-6)/(-15)*15. Let w = 36 + d. Let q be 34/6 - (-1)/3. Calculate the greatest common divisor of q and w.
6
Let u = 0 - 0. Suppose u*l + 32 = -4*l - 3*a, -a = -2*l - 16. Let p be (l - 19)*4/(-3). What is the greatest common divisor of 4 and p?
4
Let s be (920/(-16))/(4/(-8)). Calculate the greatest common divisor of s and 46.
23
Let s be ((-6)/4)/((-1)/10). Let g be (4 - 4) + 4 + -4. Suppose 3*i = -3*k + 414, k + i + 3*i - 147 = g. What is the greatest common divisor of k and s?
15
Let k = 30 + 39. Suppose -6*a = 3*a - 207. What is the greatest common factor of a and k?
23
Let i(s) = 2*s**3 + 2. Let h be i(2). Suppose 11*p = 5*p + 108. Calculate the highest common divisor of h and p.
18
Suppose -5*n - 9 = 16. Let a(z) = -1 - 3 + 9*z - 1 - 11*z. Let l be a(n). What is the highest common factor of l and 15?
5
Suppose 2*m = -2*f - f + 108, 3*m - 147 = 3*f. What is the greatest common divisor of 17 and m?
17
Let r = 15 - 10. Suppose -3*c - u + 0*u + 296 = 0, c - 120 = r*u. What is the greatest common divisor of 20 and c?
20
Let v(x) = 9*x**2 + 3*x. Let b be v(2). What is the highest common factor of b and 6?
6
Let j(n) = n - 1. Let x be j(-1). Let m be (14/(-4))/(x/4). What is the greatest common divisor of 7 and m?
7
Suppose -9*u + 17 + 1 = 0. Calculate the greatest common factor of 24 and u.
2
Let z = 6 + -6. Suppose 3*y + 2*y - 20 = z. Suppose -4*u + 20 = 2*q - 10, 2*q = y*u + 30. What is the highest common factor of 105 and q?
15
Suppose -2*o + 7*o = 300. What is the greatest common factor of o and 10?
10
Let u(h) = h + 20. Let x be u(-9). Calculate the greatest common divisor of 44 and x.
11
Let i be 1 + ((-51)/(-3) - 2). What is the greatest common divisor of 56 and i?
8
Suppose 0*s = -z + s + 15, 0 = -z + 2*s + 16. What is the highest common factor of 112 and z?
14
Suppose -l + 2*b = -43, -3*l + 2*l + 36 = 5*b. Let h = 59 - l. What is the highest common factor of h and 9?
9
Let o = -8 - -73. Let b = -1 - 12. Let y be (-4)/(-2) - (2 + b). Calculate the highest common factor of y and o.
13
Let c(w) = 241*w - 1. Let x be c(1). Let y be 2 + 1 - (-1 + 5 + -1). Suppose y = 3*h - x + 15. What is the greatest common factor of 30 and h?
15
Let i = 11 + -20. Let p(d) = d**3 + 8*d**2 - 8*d + 13. Let u be p(i). Calculate the highest common factor of 44 and u.
4
Let j(w) = -w**3 - 4*w**2 + 4. Let z be j(-4). Suppose 0 = z*s + s. Suppose s = -4*p + 12, -4*p = r + p - 20. Calculate the greatest common divisor of 1 and r.
1
Let a be (14/6)/((-5)/(-15)). Suppose 3*o - a*o = -192. Let k be (24/2)/(6/4). What is the greatest common factor 